1239?
2
What is the ten thousands digit of 25650?
2
What is the thousands digit of 109807?
9
What is the tens digit of 2440?
4
What is the thousands digit of 85711?
5
What is the thousands digit of 26384?
6
What is the hundreds digit of 66804?
8
What is the thousands digit of 3618?
3
What is the thousands digit of 5950?
5
What is the units digit of 2564?
4
What is the tens digit of 960?
6
What is the thousands digit of 17592?
7
What is the tens digit of 72851?
5
What is the thousands digit of 5926?
5
What is the ten thousands digit of 78099?
7
What is the units digit of 39072?
2
What is the ten thousands digit of 43934?
4
What is the units digit of 21669?
9
What is the tens digit of 18053?
5
What is the units digit of 4363?
3
What is the units digit of 829?
9
What is the units digit of 29188?
8
What is the units digit of 4689?
9
What is the units digit of 22384?
4
What is the units digit of 701?
1
What is the tens digit of 1970?
7
What is the tens digit of 50266?
6
What is the thousands digit of 120387?
0
What is the hundreds digit of 56568?
5
What is the tens digit of 592?
9
What is the thousands digit of 38495?
8
What is the tens digit of 7132?
3
What is the hundreds digit of 22086?
0
What is the tens digit of 6986?
8
What is the hundreds digit of 17064?
0
What is the thousands digit of 7090?
7
What is the units digit of 27738?
8
What is the tens digit of 2595?
9
What is the hundreds digit of 4684?
6
What is the hundreds digit of 1917?
9
What is the thousands digit of 4084?
4
What is the ten thousands digit of 97855?
9
What is the ten thousands digit of 93068?
9
What is the thousands digit of 1307?
1
What is the tens digit of 156499?
9
What is the hundreds digit of 430?
4
What is the thousands digit of 21336?
1
What is the hundreds digit of 2637?
6
What is the tens digit of 25217?
1
What is the hundreds digit of 26084?
0
What is the tens digit of 781?
8
What is the units digit of 345?
5
What is the hundreds digit of 27265?
2
What is the hundreds digit of 4725?
7
What is the tens digit of 1689?
8
What is the units digit of 55280?
0
What is the hundreds digit of 3420?
4
What is the units digit of 3616?
6
What is the units digit of 286?
6
What is the units digit of 9618?
8
What is the hundreds digit of 5999?
9
What is the units digit of 408?
8
What is the units digit of 829?
9
What is the hundreds digit of 199?
1
What is the tens digit of 1178?
7
What is the hundreds digit of 17928?
9
What is the thousands digit of 83883?
3
What is the ten thousands digit of 61042?
6
What is the tens digit of 54739?
3
What is the tens digit of 10853?
5
What is the tens digit of 1542?
4
What is the tens digit of 313?
1
What is the tens digit of 17989?
8
What is the tens digit of 13630?
3
What is the thousands digit of 29614?
9
What is the thousands digit of 4375?
4
What is the units digit of 2109?
9
What is the thousands digit of 1103?
1
What is the hundreds digit of 10928?
9
What is the units digit of 5754?
4
What is the units digit of 2604?
4
What is the tens digit of 781?
8
What is the units digit of 9034?
4
What is the thousands digit of 4230?
4
What is the tens digit of 12782?
8
What is the tens digit of 35076?
7
What is the units digit of 92?
2
What is the hundreds digit of 540?
5
What is the tens digit of 7353?
5
What is the hundreds digit of 381?
3
What is the tens digit of 7487?
8
What is the units digit of 15549?
9
What is the units digit of 33510?
0
What is the tens digit of 7410?
1
What is the tens digit of 2228?
2
What is the thousands digit of 18552?
8
What is the thousands digit of 1358?
1
What is the hundred thousands digit of 125738?
1
What is the thousands digit of 2910?
2
What is the units digit of 973?
3
What is the thousands digit of 12374?
2
What is the units digit of 1604?
4
What is the thousands digit of 26198?
6
What is the units digit of 91?
1
What is the thousands digit of 1221?
1
What is the tens digit of 1950?
5
What is the tens digit of 1457?
5
What is the thousands digit of 44795?
4
What is the units digit of 17421?
1
What is the hundreds digit of 21663?
6
What is the units digit of 6853?
3
What is the tens digit of 14681?
8
What is the hundreds digit of 20012?
0
What is the tens digit of 289?
8
What is the units digit of 79?
9
What is the thousands digit of 40015?
0
What is the tens digit of 26694?
9
What is the tens digit of 2663?
6
What is the hundreds digit of 41531?
5
What is the ten thousands digit of 11155?
1
What is the tens digit of 149?
4
What is the ten thousands digit of 108351?
0
What is the hundreds digit of 2121?
1
What is the thousands digit of 51943?
1
What is the hundreds digit of 983?
9
What is the tens digit of 4893?
9
What is the tens digit of 6343?
4
What is the hundreds digit of 76302?
3
What is the hundreds digit of 1180?
1
What is the units digit of 6460?
0
What is the units digit of 669?
9
What is the hundreds digit of 3845?
8
What is the thousands digit of 5450?
5
What is the units digit of 2234?
4
What is the tens digit of 65?
6
What is the thousands digit of 3767?
3
What is the units digit of 1661?
1
What is the hundreds digit of 817?
8
What is the hundreds digit of 729?
7
What is the tens digit of 43514?
1
What is the tens digit of 4565?
6
What is the units digit of 1987?
7
What is the units digit of 1150?
0
What is the hundreds digit of 108263?
2
What is the hundred thousands digit of 100629?
1
What is the ten thousands digit of 15112?
1
What is the thousands digit of 74683?
4
What is the ten thousands digit of 26648?
2
What is the tens digit of 509?
0
What is the thousands digit of 9858?
9
What is the thousands digit of 14669?
4
What is the ten thousands digit of 12928?
1
What is the hundreds digit of 1725?
7
What is the tens digit of 3810?
1
What is the units digit of 2979?
9
What is the tens digit of 9098?
9
What is the tens digit of 1390?
9
What is the hundreds digit of 505?
5
What is the thousands digit of 1996?
1
What is the units digit of 3390?
0
What is the units digit of 1400?
0
What is the thousands digit of 7402?
7
What is the tens digit of 448?
4
What is the tens digit of 1222?
2
What is the tens digit of 1876?
7
What is the tens digit of 6786?
8
What is the tens digit of 7952?
5
What is the tens digit of 57?
5
What is the units digit of 30044?
4
What is the units digit of 2965?
5
What is the thousands digit of 28806?
8
What is the hundreds digit of 2580?
5
What is the tens digit of 756?
5
What is the units digit of 2998?
8
What is the units digit of 268?
8
What is the hundred thousands digit of 119757?
1
What is the units digit of 11112?
2
What is the units digit of 4500?
0
What is the thousands digit of 6523?
6
What is the units digit of 1061?
1
What is the ten thousands digit of 22835?
2
What is the tens digit of 964?
6
What is the hundreds digit of 17974?
9
What is the thousands digit of 5710?
5
What is the hundreds digit of 1943?
9
What is the units digit of 60543?
3
What is the hundreds digit of 643?
6
What is the hundreds digit of 35668?
6
What is the tens digit of 3060?
6
What is the tens digit of 624?
2
What is the tens digit of 1820?
2
What is the thousands digit of 5726?
5
What is the thousands digit of 22122?
2
What is the ten thousands digit of 82026?
8
What is the units digit of 1737?
7
What is the thousands digit of 46542?
6
What is the hundreds digit of 663?
6
What is the units digit of 42449?
9
What is the units digit of 6605?
5
What is the hundreds digit of 2307?
3
What is the units digit of 3775?
5
What is the thousands digit of 4078?
4
What is the hundreds digit of 2542?
5
What is the units digit of 783?
3
What is the hundreds digit of 6308?
3
What is the ten thousands digit of 142401?
4
What is the thousands digit of 40282?
0
What is the hundreds digit of 1842?
8
What is the thousands digit of 1156?
1
What is the tens digit of 20878?
7
What is the units digit of 27643?
3
What is the units digit of 296?
6
What is the thousands digit of 2405?
2
What is the units digit of 20792?
2
What is the hundreds digit of 517?
5
What is the hundreds digit of 166?
1
What is the thousands digit of 19705?
9
What is the hundreds digit of 932?
9
What is the units digit of 9074?
4
What is the hundreds digit of 1569?
5
What is the units digit of 2946?
6
What is the tens digit of 652?
5